t v be (-6)/t*15/2. Suppose -3*q = 8*q - 33. What is the greatest common divisor of q and v?
3
Let f = 2 - 1. Suppose -38 = -5*b - 13. Suppose 6 = -2*c, 0 = b*r + 3*c - 7*c - 22. What is the greatest common factor of f and r?
1
Let p be (3/(-2))/(-4 + (-94)/(-24)). Calculate the greatest common divisor of p and 63.
9
Let h(q) = -12*q + 18. Let c be h(-1). Suppose 0 = 5*f + 115 + 25. Let y = -16 - f. What is the greatest common factor of y and c?
6
Let u be 30/4 + 2/(-4). Suppose -4*y = -8*y - 4, 5*w - y = 21. Let m = u - w. Calculate the highest common factor of m and 3.
3
Suppose 0 = 3*m + 3*v - 36, -2*m - 3*v + 8 = -5*v. Let f(n) = -19*n**2 - 15*n**2 + 122*n**2. Let u be f(1). What is the highest common divisor of m and u?
8
Let l(y) = -3*y**2 - 3*y - 4*y**2 + 2 - 15*y**2. Let d be l(2). Let m = 142 + d. What is the greatest common factor of m and 10?
10
Let c be (-4)/18 - (-606)/54. Suppose -3*w + c = -1. Suppose -5*y + 65 = i, w*y + 0*y - 58 = -2*i. Calculate the highest common factor of 18 and y.
6
Suppose -3*h + 323 = -4*x + 899, -4*x - 2*h + 576 = 0. Calculate the greatest common factor of x and 32.
16
Let w be 4/(-26) - ((-15120)/91 + 5). What is the greatest common divisor of 115 and w?
23
Let x(c) = -3*c - 11. Let v = -4 + -5. Let d be x(v). Calculate the greatest common divisor of d and 128.
16
Suppose -2*s = -2*g, -2*g = -6*g + 5*s - 1. Suppose -m + g = -5. What is the highest common divisor of 96 and m?
6
Suppose 0 = -35*u + 37*u - 280. Calculate the highest common divisor of u and 90.
10
Let r(y) = 4*y - 5. Let b be r(2). Suppose 0 = -b*i - i - 4. Let x be -3 + (-2 - 21*i). What is the highest common divisor of 32 and x?
16
Suppose -4*i + 3*d + 23 = -8, -3*d + 59 = 5*i. Let v be 3348/48 + 3/12. What is the highest common factor of i and v?
10
Let s = -51 + 18. Let t = s - -38. What is the highest common factor of 5 and t?
5
Let b = -61 + 37. Let n = 4 - b. Suppose 3*h - 4 - 5 = 0, 4*a - 5*h = 1. Calculate the highest common divisor of a and n.
4
Suppose 20 = -4*a + 4*b, -2*b - 2 = 5*a - 12. Suppose 5*d - 40 = -z + 23, a = -2*z + 6. What is the greatest common factor of 48 and d?
12
Let q = -112 - -112. Let d be q + 0 + 0 + -5 + 12. Let w(h) = -h**3 - 5*h**2 - 5*h + 3. Let y be w(-5). What is the highest common divisor of y and d?
7
Let d be ((-30)/12)/(2/4). Let y be 2 + -3 - (-12 - d). Let m be ((-4)/(-5))/(1/5). Calculate the highest common divisor of y and m.
2
Suppose -4*h - o + 267 = 0, o + 3*o = -2*h + 144. Let q = 68 - h. Calculate the highest common factor of 10 and q.
2
Let d = -8 + 13. Suppose d*q + 1 = 21. Let j = -102 + 112. Calculate the greatest common divisor of q and j.
2
Let w be 38/28*2 - (-22)/77. Suppose -82 = -n - b - w*b, 5*n = -4*b + 442. What is the greatest common divisor of 15 and n?
15
Let o(u) = u**3 + 4*u**2 - 2*u + 4. Let i be o(-4). Suppose 0 = 6*k - 21 - 15. What is the highest common divisor of i and k?
6
Let x = -77 - -81. Calculate the greatest common divisor of x and 5.
1
Suppose -d - 5*f - 14 = 0, 2*d - 3*f - 70 = -3*d. Suppose 24 = d*y - 7*y. Let i = y + -1. What is the greatest common divisor of i and 2?
1
Let g = -280 + 329. Calculate the highest common factor of 63 and g.
7
Let k(b) = b**3 - 10*b**2 + 9*b + 6. Let z be k(9). Let l(g) = 6*g - 144. Let o be l(35). What is the highest common factor of z and o?
6
Let o be 1/((-10)/4) + (-26415)/(-225). Suppose -p + o + 59 = 0. What is the greatest common divisor of 22 and p?
22
Suppose 16*w = 17*w - 129. Calculate the greatest common divisor of w and 43.
43
Let s = 54 - 38. Let y be (-308)/6*2160/(-1260). Calculate the greatest common divisor of y and s.
8
Suppose 0 = -s - 4*o + 6, 5*s + 2*o + o = 47. Let p be (-10)/(-15) + (-20)/12. Let c be (s/(-8) - p)*-44. Calculate the highest common divisor of 55 and c.
11
Let h = -205 - -233. What is the highest common divisor of h and 21?
7
Let f(g) = -g + 4. Let y be (35/21)/(1/(-3)). Let x be f(y). What is the greatest common factor of 81 and x?
9
Let a(m) = m**3 + m**2 - 8*m + 2. Let x = 116 - 111. Let y be a(x). Calculate the highest common divisor of y and 48.
16
Let d = -19 - -34. Let u = d - 5. Suppose 5*p + 0*p - 75 = 0. Calculate the highest common divisor of u and p.
5
Let a(i) = 6*i**2 + 17*i - 10. Let c be a(-4). What is the highest common factor of 477 and c?
9
Suppose 2*w - 4*w = -8, 4*w - 116 = -2*h. What is the greatest common divisor of 80 and h?
10
Let r = -189 + 201. Calculate the highest common factor of r and 196.
4
Suppose -20*l = 5*l - 175. What is the greatest common divisor of l and 658?
7
Suppose 0*s - 57 = -2*s - j, -2*s - 4*j = -54. Suppose -s = -6*x - 11. What is the greatest common factor of x and 33?
3
Let o(u) = 111*u**3 + 2*u**2 - u - 3. Let w be o(3). Let f be 2/11 + w/(-33). Let l = 172 + f. What is the greatest common divisor of 9 and l?
9
Let n be (2 + (-24)/12 + (-7)/3)*-42. Suppose 0*t + t = 147. Calculate the highest common factor of n and t.
49
Suppose 0 = 5*c - 4*m - 100, -63 = -3*c - 3*m + 6*m. Calculate the greatest common factor of c and 688.
16
Suppose -5*f + o + 41 = 0, -8*o + 6*o = -2*f + 10. What is the highest common divisor of f and 24?
3
Let s(p) = p**2 + 8*p + 6. Let n be s(-8). Let l(m) = 0 + n + 2*m - m - 4. Let x be l(11). Calculate the greatest common factor of 13 and x.
13
Suppose 5*y - z - 1630 - 729 = 0, -1885 = -4*y + 3*z. Calculate the highest common divisor of y and 8.
8
Let i be 4/10 - 126/(-10). Let x(z) = z**2 - 6*z - 24. Let h be x(9). Suppose h*m - 230 = 121. Calculate the highest common divisor of m and i.
13
Let m be (-209)/(-19) - ((-4 - -2) + -3). Calculate the highest common factor of m and 68.
4
Let g = 410 + 157. What is the greatest common divisor of 7 and g?
7
Let n(w) = -1 + 24*w**2 + 2*w + 4 + 1 - w. Let b be n(-2). Suppose 4*v - 2*j - j - 93 = 0, -4*v = 2*j - b. Calculate the highest common factor of 6 and v.
6
Let i(k) = 38*k**2 - 2*k + 4. Let c be i(-2). Let d = 42 - 22. What is the greatest common divisor of c and d?
20
Suppose 651 - 43 = 8*c. Let x = -65 + c. Calculate the highest common divisor of x and 33.
11
Let n = -67 - 39. Let d = n + 109. Calculate the highest common factor of 33 and d.
3
Let i(d) = 5*d + 6 + 3 - 1 - 4*d. Let w be i(-6). Suppose -4*u + 260 = -w*p + 3*p, -3*p - 2*u + 730 = 0. Calculate the highest common factor of 30 and p.
30
Suppose 25 = -k - 4*k. Let v be (-527)/k - (-8)/(-20). Suppose -105 = -5*m + v. Calculate the highest common factor of m and 28.
14
Let w(a) = -2*a - 1. Let k be w(-4). Let v = 417 + 339. Suppose -7*z + v = 5*z. Calculate the highest common factor of z and k.
7
Suppose -3*w + w + 4 = 0, 106 = 4*t - w. Let v = t + -25. Calculate the greatest common divisor of 2 and v.
2
Suppose -2*q - 27 = 5*k, 1 = 5*q - 3*k - 9. Let d be (-1 - -1)/2*1. Let z be 5 - (q + d + 3). What is the greatest common factor of 30 and z?
3
Let o = 456 - 428. Calculate the greatest common factor of 98 and o.
14
Let o = 646 - 564. What is the greatest common divisor of 82 and o?
82
Let o = 114 - 79. Let q(r) = 2*r + 9. Let a be q(8). Suppose -3*d + 26 = 3*z - a, -4*z + 47 = -3*d. What is the greatest common factor of z and o?
7
Suppose 14*f - 5*f - 49608 = 0. Suppose -8*q = -21*q + f. Calculate the highest common divisor of 53 and q.
53
Let x(r) = r**3 + 12*r**2 + 6*r - 40. Let y be x(-11). Let p = -39 + 69. Calculate the greatest common factor of p and y.
15
Suppose -4*b = 12, -4*t = -t + 2*b - 222. Let x = t - 9. Let s = x - 19. Calculate the greatest common divisor of 32 and s.
16
Let a = 6 - 3. Let q(x) = x**2 - 4*x + 3. Let d be q(a). Let t(c) = c + 13. Let w be t(d). What is the highest common divisor of 78 and w?
13
Let v be (88/18)/(-11) - 2172/(-27). What is the greatest common factor of 820 and v?
20
Let o(f) = f**3 + 25*f**2 + 2*f + 53. Let y be o(-25). Calculate the greatest common divisor of 27 and y.
3
Let m be 1722 + 21 + (2 - (-3 + 0)). Calculate the highest common factor of 76 and m.
76
Suppose -5*c + 2*c - 4*k = -324, -3*k = -9. What is the greatest common divisor of c and 130?
26
Let r(j) = -j + 172. Let l be r(-10). What is the greatest common divisor of 104 and l?
26
Let h(n) = 2*n - 8. Let z be h(0). Let o = z + 11. Suppose o*s - 36 = 2*s. Calculate the highest common factor of s